 = -2*l + l. Is l/((-2 - -3)*4/14876) composite?
False
Suppose 0*y = -4*y - 136. Let n = y + 84. Is n/(-15)*(-1164)/8 a prime number?
False
Let c(g) = g**2 - 12*g + 22. Let n be ((-198)/(-6) - 4)/(-1). Is c(n) composite?
True
Let b be ((-42)/(-15) - 1)*(-2 - -17). Suppose 2*n + 2*q = 10, 4*n - b = -5*q - 7. Suppose 0 = 8*k - n*k - 477. Is k a composite number?
True
Let l(u) = -3*u - 9. Suppose v = 3*z - 0*v + 4, 0 = -4*v - 20. Let i be l(z). Suppose 5*o - 2*o - f = 3217, -5*f + 10 = i. Is o composite?
True
Suppose -4*i = -a - 3*i + 174521, 523567 = 3*a - 2*i. Is a/21 - (-14)/49 prime?
True
Let y be (-188)/(-36) + 6/(-27). Suppose -3*u + 12 = -y*r, -6 = 3*r - 5*u - 2. Let v = r + 334. Is v composite?
False
Let m(o) = 1079 + 726 - 2*o + 12*o + 5*o**2. Let x(r) = -r**2 - 2*r - 361. Let c(u) = -2*m(u) - 11*x(u). Is c(0) prime?
False
Suppose 4*m - 3 = 1. Let s be (-20 + 21)*m*2. Suppose 2821 = 3*h - s*y, y = 6*y + 10. Is h prime?
False
Let t = 14 + 275. Suppose 15*j = 4054 - t. Is j prime?
True
Let v = -401 - -781. Suppose -2*j = -5*a - 1222, -j + 4*a = -v - 231. Is j a composite number?
True
Let d be ((-6)/7)/((-6)/1218). Let u = -3 + d. Suppose -7*y - u = -822. Is y composite?
True
Suppose -5*x - 15 = 0, 3*a - 1 = 2*x + 17. Let h(j) = 263*j**2 - 2*j - 9. Let f be h(a). Suppose -18661 = -2*b - f. Is b prime?
False
Is 111152 - 6*(130/20 + 5/(-1)) a composite number?
False
Suppose -5*w - 81 = 119. Let x = -7718 - -6636. Is (x/(-8))/(1 + 38/w) a composite number?
True
Let d be (44 - 211)*(0 + 1) + 3. Suppose -6*s - 3364 = -2*s. Let t = d - s. Is t a composite number?
False
Let s = 767 + -1139. Let b = s + 6311. Is b a composite number?
False
Suppose 6*d - 812472 = -2023*y + 2026*y, 4*y + 8 = 0. Is d a composite number?
True
Let z(k) = 29 + 5 - 8*k**2 - 4 + 13*k**3 - 35*k**3 + 19*k - k**3. Is z(-7) composite?
True
Let i = -72 + 206. Let p = i + 1884. Suppose 3*w = w + p. Is w prime?
True
Suppose -2*j = -3*x + 2*x + 29483, -j = -3*x + 14739. Let v = 20938 + j. Suppose -1886 = 5*z - v. Is z a prime number?
False
Let w(l) = -226*l**3 + 9*l**2 + 29*l + 121. Is w(-6) prime?
False
Let s(m) = 496*m**2 + 10*m - 57. Is s(7) composite?
False
Is (-3)/((-290462)/22343 + 13) a composite number?
False
Let x(l) = 195*l**2 + 6*l + 16. Let d be (-26)/(-5) + 3/(-15). Suppose -d*n = 5*w + 20, 5*n = 5*w + n + 11. Is x(w) composite?
False
Suppose -5*r + 4*o + 4217 = 0, 7*r - 3*r = -4*o + 3388. Suppose s = k - s - r, 2*s + 3398 = 4*k. Is k a prime number?
False
Let m(i) = 616*i**3 - 12*i - 11. Let u(x) = -617*x**3 + 10*x + 10. Let f(k) = 3*m(k) + 4*u(k). Is f(-3) a composite number?
True
Suppose -216082 = -3*c - 222*q + 217*q, 4*c - q = 288071. Is c a prime number?
True
Let w = 52427 - 12334. Is w a prime number?
True
Is (-42)/(-28)*(4 - 4612168/(-12))*1 a prime number?
False
Let y(v) = 115 + 280*v + 171*v + 129*v + 106*v. Is y(23) a composite number?
True
Let g(i) = -i**2 + 15*i - 13. Let c be g(14). Let t(x) = 185*x - 193*x + c - 3*x**3 + 5*x**3 - 3*x**2 + 12. Is t(8) composite?
True
Let h = 70982 + -12969. Is h prime?
True
Suppose 6*w - 156522 = 60336. Is w composite?
True
Let a(c) = -246*c - 15539. Is a(-105) composite?
True
Suppose 2*x + 44 = -2*i, 2*i = -3*x - 2*x - 47. Let k = i + 23. Suppose 0 = -5*v + 7*c - 12*c + 9225, k*v - 4*c = 3702. Is v composite?
False
Suppose 102*c = 98*c + 2108. Suppose 20033 = 6*a + c. Is a a prime number?
True
Let d = -2993 + 39904. Is d a composite number?
True
Suppose -3*t = -0*t + 417. Suppose 0 = 35*h - 19*h - 8288. Let i = t + h. Is i a composite number?
False
Let r(w) = -14*w**2 + 63*w + 382. Let u(h) = -30*h**2 + 126*h + 761. Let a(z) = -13*r(z) + 6*u(z). Is a(-43) a prime number?
True
Let m(a) = 298*a - 7. Let k be m(-3). Let q = k - -636. Is 3*(-10)/15 - q prime?
True
Let y be 2450/(-4)*-11*(-120)/(-75). Suppose o - y = -5*i, 15072 - 4302 = 5*i - o. Is i composite?
True
Suppose 2*q - 31712 = -v, -39*v + 38*v - 31724 = -2*q. Is q prime?
True
Is ((-3)/(-9))/(((-6)/204)/((-154668)/8)) composite?
True
Let i(w) = -3*w**3 - 2*w**2 + 4*w + 4. Let s be i(-2). Let j(u) = 9*u**3 - 6*u**2 + 37*u - 5. Is j(s) prime?
False
Let d = -9436181 + 13481544. Is d a composite number?
True
Let x(b) = -9160*b - 1903. Is x(-3) a composite number?
False
Suppose 147*t - 21571089 = 13288050. Is t prime?
True
Let q be (-5 + 0)*2/10. Let c be 2/(q - 5) - 9805/(-3). Suppose -2*u = 3*w - c, -4901 = -2*u - u - 4*w. Is u a prime number?
False
Let i = 8 + -5. Let m(p) = -p**3 + 4*p + 4. Let c be m(i). Is 621 + (-1 - c)/2 composite?
True
Let r = 10352 + -9364. Let a be 2*(-1 + 9/2). Suppose a*z - r = 5*z - w, 5*w - 503 = -z. Is z prime?
False
Let w be (-12)/(-7 + 1) - (-1 - 894). Suppose 1168 + w = 7*m. Is m a composite number?
True
Suppose 4*d = -0*d - b - 6, 3*b = -3*d. Let p be d + (6 - 1 - 0). Suppose -k - 18 = -p*g + 2*k, 0 = 2*k. Is g prime?
False
Let m = -16 + 18. Suppose -m*f - 3*w = -7697, 1505 + 6187 = 2*f - 2*w. Is f a prime number?
True
Let n = -239 + 344. Is (-30)/n - 24177/(-21) a prime number?
True
Suppose -358*d = -368*d + 170. Suppose -5*v + d = -8, 5*a = 4*v + 110525. Is a a composite number?
False
Suppose 15 = -4*m - 3*j, -5*m - 20 - 4 = 2*j. Let g be m*(-1)/4*48/18. Suppose -3*n + g*t + 11256 = 3209, t = 5*n - 13406. Is n prime?
False
Suppose 0 = -b - 4*g - 18, -2*b + 9 = -2*g + g. Suppose -w + 6 = b*w. Is (3514/(-3 + w))/(-2) a composite number?
True
Let r(h) = -7*h**2 - 34*h + 24. Let t(s) = -s**2 - 2*s + 1. Let i(m) = r(m) - 6*t(m). Is i(-11) a composite number?
False
Let h = -667797 - -1151114. Is h a prime number?
True
Let r be (4/1 + 162)*53. Let h = r - -1103. Is h a composite number?
False
Suppose 14015848 + 3720468 = 52*o. Is o composite?
False
Let q(m) = -8478*m - 1235. Is q(-32) a composite number?
True
Let p(r) = 13236*r + 9641. Is p(15) a prime number?
False
Let h(x) = x**2 + x. Let k be h(-2). Suppose 5*m + w = 20, w = 3*m + k*w - 14. Suppose 5*j + m*j - 13960 = 0. Is j composite?
True
Let o(k) = k**3 - 2*k**2 - 2*k + 2. Let t be o(2). Let w = 6 - t. Suppose d - w = 15. Is d a prime number?
True
Suppose -5*s - 4*z - 126 = 0, -8 + 94 = -3*s - 5*z. Let o = 26 + s. Suppose -d + 223 = -o*b, 2*d - 3*d = -5*b - 228. Is d a composite number?
True
Is 993398/(29/((-58)/(-4))) a prime number?
False
Let q be 1 - 20/12 - (-36)/54. Let p(u) = 9*u**2 - u + 1949. Is p(q) a composite number?
False
Let g(s) be the first derivative of 2*s**5/15 + 5*s**4/24 - s**3 - 29*s**2/2 - 1. Let c(m) be the second derivative of g(m). Is c(-5) a prime number?
False
Let c = 13344 - 7740. Let g = c - 1021. Is g a prime number?
True
Suppose -5*d - 14 = -7*d. Suppose 12*h - d*h = -620. Let l = h + 675. Is l a composite number?
True
Let q be (0 + -1)/((-4)/788). Let w = q + -15. Suppose -w = -5*x - 4*k, -x + 2*k = -k - 25. Is x composite?
True
Suppose -66 = -76*g + 70*g. Suppose -g*q + 13*q - 4*h - 1654 = 0, -q + 4*h + 819 = 0. Is q prime?
False
Suppose 0 = -2*v + 3*c + 36 + 23, 2*c = v - 29. Suppose 34*l - 2799 = v*l. Is l a prime number?
False
Suppose 3105*a - 3094*a = -746385 + 2580008. Is a a composite number?
False
Suppose -4*w = 4*k - 3*w + 89340, -66996 = 3*k + 3*w. Let m = -11151 - k. Is m a composite number?
True
Let a = 10 + -6. Let j be (102/15)/(5/75). Suppose a*g = 1222 + j. Is g a composite number?
False
Let b = 25624 - -2217. Is b composite?
True
Let h(a) be the second derivative of -17*a**5/10 - 7*a**4/6 - 2*a**3 - 41*a**2/2 + a + 25. Is h(-9) a prime number?
True
Suppose -5*b + s + 59515 = 0, 56 = 5*s + 56. Is b prime?
True
Is 6184620/12 + 8 + -8 + -2 composite?
True
Let s = -61 - -104. Suppose 5*g = 5*c - s - 42, 0 = 3*c + 5*g - 11. Let k(h) = 41*h - 41. Is k(c) a prime number?
False
Is 94033*-1*(-11 + (-10 - -20)) a prime number?
True
Let d(b) = 1359*b + 312751. Is d(0) prime?
False
Let m = 6986 - 11780. Let q = m + 24815. Is q a prime number?
True
Suppose -4*t = -2*c + 9668, 8*t - 5*t + 4830 = c. Let d = -589 + c. Is d a composite number?
False
Suppose -2*p + 703 = -3453. Suppose -165*t = -193*t + 196. Suppose 0 = -q + 4*n + 1039, 2*n - p = -2*q + t*n. Is q prime?
True
Let k be (-104)/(-39)*((-44)/(-8) - -2). Is ((-508)/6)/(k/(-30)) a composite number?
False
Suppose u = 4*q - 2*q - 1361, 5*q - 3415 = 5*u. Let b = 207 + 222. Let k = q - b. 